t is (6 - -25) + -8 + -6?
17
What is the value of 387 + -362 - (-3 + (4 + -12 - -1))?
35
What is the value of 7 + (-4 - (24 + -12 + (5 - 1)))?
-13
Calculate (19 - 6) + -6 + -16.
-9
(-251 - -236 - (0 - 0)) + 1
-14
Evaluate -8 + (20 + 0 - (17 + -5)).
0
3 + (1 - 2) - (21 + -27) - 1
7
What is 1 + -10 - -1 - (-329 + 311)?
10
Evaluate (6 - 25 - 7) + 4 + -6.
-28
2 + -29 + -72 + 123
24
14 + (-13 + 8 - -3) + (-3 - -3)
12
Evaluate (-16 + (-4 - -3) + 10 - -7) + 15.
15
Evaluate 7 + (3 - (-8 + 9)).
9
Calculate 4 + 1 + -21 - (5 - 12).
-9
-56 + 62 - (0 + -2 - (4 + 0))
12
What is the value of -8 + 20 + -4 + 3 + -17?
-6
What is 1 + -3 - (6 - (-6 + 8)) - 1?
-7
What is 1 - 1 - (5 + (-16 - -21) + -9)?
-1
What is the value of -4 + 14 + -24 + 24?
10
What is (8 - (2 - -5) - -20) + 0 - 2?
19
Evaluate (13 - (5 + 6)) + (2 - 2 - 4).
-2
Evaluate 3 - (12 - 11) - 6.
-4
What is the value of 7 + 11 - 9 - 2?
7
Calculate -2 - 2 - (-15 + (-12 + 7 - 1)).
17
What is the value of 2 + 0 - (-3 + 0 + (45 - 43))?
3
Calculate -1 - (-10 + 11) - -13.
11
What is the value of (-34 - 9) + 50 + (5 - 1)?
11
Evaluate (-15 - -1 - -7) + (-1 - -11).
3
What is the value of 23 - (-12 + 6 + 31 + -8)?
6
Calculate 43 - (0 + -24 - -100).
-33
What is 15 - ((13 - 18) + (14 - -22))?
-16
(-7 - 12) + -30 + 27
-22
What is the value of 9 - ((-35 + 34 - 8) + 21 + -1)?
-2
What is the value of 3 + -2 + -2 + -5 + (23 - 32)?
-15
Evaluate (-15 + 27 - 9) + -26.
-23
What is 15 + -33 - -36 - 29?
-11
-16 - (-1 - (-5 - 4 - -5 - -6))
-13
15 - 0 - (6 + -4 + -4 - -4)
13
Evaluate -23 + (0 - (7 - 13)) + 4.
-13
(-22 - (-8 - 4)) + 4
-6
(2 - 3) + 29 + -589 + 580
19
Evaluate (-6 - -26 - 17) + -3.
0
-27 - (17 + (-24 - 47))
27
Evaluate -3 + (6 - (5 + -17 + (-1 - -4))).
12
What is (-13 - -3) + 24 - 12?
2
Calculate -16 - (19 + -70 - (-3 - 2)).
30
Calculate -43 + (15 - 2 - 4) + 5.
-29
What is the value of 43 + -33 + (-7 - 2 - -6)?
7
Calculate 2 + (-39 - -18) + -5.
-24
Calculate -17 + 16 + -7 + 14 - (0 - -41).
-35
Calculate (-5 - ((-22 - -4) + 3)) + (-14 - -17).
13
What is the value of 8 - (2 - (0 + 9 + -7))?
8
5 - -2 - ((-73 - -46) + 40)
-6
Calculate -1 + 0 + (63 - 61).
1
Evaluate 13 + (2 - 0) - (168 + -140).
-13
208 + -192 + -2 + -16
-2
What is the value of 111 - 119 - (-1 - -8) - -4?
-11
Calculate (0 - -3 - ((-4 - 3) + 7)) + -13.
-10
Evaluate (48 - 8) + -20 + -2.
18
8 - (18 + -5 - 16 - -14)
-3
What is -11 + 5 + -4 + 8 + -4 - 15?
-21
Evaluate (-91 - -100) + (-1 - (15 - 2)) + 31.
26
Evaluate (16 - 4) + 18 + 0.
30
Calculate 2 + -2 + -7 + (-3 - -13).
3
Evaluate -17 + (-11 + 7 - (-10 - 0)).
-11
What is the value of 94 - 94 - (1 + 2)?
-3
(-1 - -3) + 1 + (5 - 1 - -3)
10
Evaluate (4 - 11 - (-28 - 10)) + -6 + -3.
22
What is the value of -6 + (1 - 6) + 9 + 9?
7
Evaluate 6 + (-4 - 13) + 0 - -2.
-9
What is the value of (-8 - (-4 + 3)) + (-1 - (-8 - -3))?
-3
-15 + -10 + (-11 - -17) + 0
-19
What is the value of 20 + (35 - -7 - 97)?
-35
Calculate (0 + -4 - 3) + 14 + -16.
-9
Calculate 15 + 0 + -43 + 28.
0
Calculate (-8 + 10 - -2) + 5 - (15 + 11).
-17
34 + (-33 + 35 - 17)
19
Calculate 3 + -2 + -6 + (26 - 13 - -2).
10
What is the value of -1 + 9 + (-10 - (10 - -4))?
-16
What is the value of -16 + -16 + -13 + 12 + 8?
-25
What is the value of -1 + (2 - 2) + (10 + -2 - -1)?
8
What is the value of 214 - 231 - (1 - 6) - -32?
20
Calculate -1 + 15 + 3 + -8 + -14.
-5
What is the value of 5 + -1 - (-4 - -4) - (134 - 126)?
-4
What is 14 + -3 - (31 - 24) - -8?
12
Evaluate 27 + -7 + -32 + 13.
1
Calculate 0 + -8 + (2 - -5 - -8).
7
What is (3 - 5 - 0) + (-1 - (1 + 0))?
-4
Evaluate 66 + -61 + (-5 - -3) + -1.
2
What is 12 - ((9 - (22 + -4)) + 28)?
-7
What is the value of -12 - ((25 - 13) + -5)?
-19
Evaluate -4 + -10 + 4 + 8 - -3 - 6.
-5
Evaluate -2 - 14 - -17 - (0 - 3).
4
What is the value of 20 - (118 + -115 + (3 - -1))?
13
What is the value of 5 + 5 + -7 + (14 - 6)?
11
What is the value of -36 + 1 + 37 + -19?
-17
40 + -84 - -46 - (-1 - -26)
-23
Calculate (9 - 8 - -1) + 3 + (1 - 18).
-12
What is (-33 + 22 - (1 - 7)) + 2?
-3
What is the value of (4 - 3) + -3 + 7 + -21 + 47?
31
-10 + -2 + (980 - 994)
-26
-18 + 3 + -1 + 1
-15
Calculate 10 + (-9 - -3) + (3 - 16).
-9
-2 + -15 - (-29 - -35) - -7 - 2
-18
Calculate 2 + -6 + (-1 - 3) - (1 + -3).
-6
What is the value of (-2 - -16) + 2 - (-1681 + 1678)?
19
Evaluate (18 - (22 - (-12 - -14))) + -8.
-10
11 + 6 + (-16 - -1) + 14
16
63 + -75 + 14 + 24
26
What is -2 - -5 - (-6 + 10 + -25)?
24
What is -1 + -3 + 36 + -23 + 7?
16
5 + (-15 - (-3 + 10 + -14 + 7))
-10
Evaluate 19 + (-55 - -24) + -23.
-35
Calculate -12 - (5 + -2 + -7 + -5).
-3
Evaluate (-2 - -2 - 1) + 10 - 6 - 7.
-4
(-32 - 0) + (19 - (17 + -5))
-25
21 - (17 + -29) - 0
33
What is -4 + (26 + (-13 - -16) - -3)?
28
What is the value of 2 + -6 + 2 - (-10 - -9 - -5)?
-6
What is the value of -57 - -113 - 45 - (-2 + (1 - -33))?
-21
What is -11 + -1 + (1 - (11 - 24 - -10))?
-8
What is -29 + 24 + 17 - (-1 - 3)?
16
What is the value of -3 - (-17 - (-7 + 1)) - (5 - 1)?
4
Calculate -14 - (3 - (49 + -30)).
2
What is the value of (-8 - 15) + 33 + -11?
-1
-1 - ((10 - 7 - -1) + -6 + -1)
2
What is -26 + 36 + (-22 - (-5 - -2))?
-9
What is 1 + (0 - (-33 + 3) - (-13 + 22))?
22
Evaluate -5 - (13 + 9 + -29).
2
Evaluate 2 + -41 + 10 - -33.
4
Evaluate -11 + 11 + -1 + 0 + (-2 - -2).
-1
What is the value of 9 + (-9 - (6 - (35 + -12)))?
17
What is (26 - 27) + (-5 - (-38 - -6))?
26
Calculate (7 + -4 - 1) + (4 - -4) + -9.
1
What is (14 - (-2 + 9 + -3)) + 22 + -4?
28
5 + -2 - (4 + -2) - (7 - 25)
19
What is the value of 5 + (-7 + 17 + -7 - (-1 + -3))?
12
Calculate -25 - (-1 - 22 - -2).
-4
What is the value of -11 + 2 + -1 + 2 + 33 + -27?
-2
5 + 3 + 8 + 3 + 3 + -8
14
What is the value of 5 + 8 - (80 - 71)?
4
What is 12 + (0 + -4 - ((3 - 3) + -6))?
14
Calculate -47 - (-6 + 25 - 33) - (-9 + 0).
-24
Calculate 18 + -21 - (-3 + -1) - -14.
15
What is the value of 5 - 1 - (54 + (-5 - 62))?
17
-39 + (-4 - (-34 + -44))
35
What is the value of -6 - (-23 - 4) - 7?
14
Calculate -23 + (6 - 6 - -2) + (-5 - -4).
-22
Evaluate -32 + (23 - 35 - -23).
-21
Evaluate 11 - (-20 - 3 - -28).
6
Calculate -4 - (-9 + (-4 - -16) + -6 + 18).
-19
Evaluate -50 - -49 - (1 + -7) - (-1 - 3).
9
What is (-9 - -11) + (-8 + 0 - -2) + -4?
-8
(-9 - (4 - 21)) + -4
4
Calculate 5 + (2 - 10 - (12 + -19)) - 16.
-12
What is -47 - (-4 - (28 + -8))?
-23
-7737 - -7732 - (1 - (0 - 8))
-14
What is (-35 - -69 - 37) + (-1 - -2 - 6)?
-8
What is the value of (-4 - -9) + 39 + -40?
4
What is the value of (-17 - -36) + 32 + (-1 - 9) + -8?
33
What is the value of (-1 - -2 - 1) + (-1 - (-23 - -16))?
6
Calculate 35 - (-15 + (34 - 2)).
18
11 + (30 - (0 - -36))
5
Calculate 13 + 4 + 3 + 0 + -14 - 0.
6
Evaluate 6 + (-26 - -44) + -36.
-12
What is the value of 68 - 72 - (-1 - -4)?
-7
Evaluate (-48 - -15) + 15 + 8.
-10
What is the value of (-10 - -22 - -4 - 11) + (-5 - 0)?
0
What is the value of (-25 + 8 - -7) + 7 + -1 + 0?
-4
-1 + (-6 - (10 - 10)) - -22
15
Evaluate -2 + -22 + 21 + 8 + (3 - 6).
2
What is ((3 - -1) + -4 - -1) + 8?
9
Evaluate 280 + -279 - (0 + -1 - 1).
3
(34 - (24 + 18)) + 40
32
Evaluate 0 + 4 + (-4 - 11) - (-7 + 1).
-5
What is 256 + -230 + (-3 - 31)?
-8
Evaluate -61 - 2 - (209 + -245).
-27
What is the value of (44 - 10) + -31 - (-1 + 6 + 0)?
-2
Calculate -39 - (-32 + 24) - -15.
-16
Calculate (-4 - -11 - 10) + -12 - -22.
7
Calculate -10 + 28 + (5 - 26) + (1 - -25).
23
Calculate 3 + (5 + -6 + -5 - (-6 - -11)).
-8
What is 27 - (3 + (-23 - -32))?
15
Calculate -14 + 13 + -14 - -26.
11
What is the value of 6 + -29 + 9 - -11?
-3
What is (4 + (0 - 5) + -3 - -6) + 2?
4
Calculate -6 + (-16 - (-7 + -6)).
-9
What is the value of (145 - 157) + 18 + -2 - 7?
-3
Evaluate -7 - (-11 - -1 - (69 - 61)).
11
Calculate -6 + 5 + 2 + -4 + 6 + -3.
0
What is the value of -1 - 0 - (-3 + -29 - -17) - -10?
24
Evaluate 7 + 12 + (-8 - 3).
8
Evaluate -13 + -11 + 25 + -26.
-25
Calculate 14 + -2 + -23 - (6 - 41).
24
What is the value of 5 + (-8 + 2 - (-10 - 0))?
9
-56 + 62 + 0 + 5
11
Calculate (1 + 2 - (-5 - -2)) + (-666 - -633).
-27
What is -9 + 1 - (329 + -347)?
10
What is the value of 2 - -20 - (754 - 716)?
-16
Calculate 4 + 1 + -1 + (31 - 31) - 7.
-3
Calculate (10 - -7) + 4 + -9 + 1.
13
Calculate (5 - (3 + -4)) + -47 + 43 - 21.
-19
What is the value of -1 - (-5 + 0 + -2) - -3?
9
C